{"version":"1.0","provider_name":"Canadian Partnership Against Cancer","provider_url":"https:\/\/www.partnershipagainstcancer.ca\/fr\/","author_name":"Catherine","author_url":"https:\/\/www.partnershipagainstcancer.ca\/fr\/author\/cjan\/","title":"Le Partenariat c\u00e9l\u00e8bre la Journ\u00e9e mondiale contre le cancer - Canadian Partnership Against Cancer","type":"rich","width":600,"height":338,"html":"<blockquote class=\"wp-embedded-content\" data-secret=\"ah1HdKQ9G6\"><a href=\"https:\/\/www.partnershipagainstcancer.ca\/fr\/news-events\/news\/article\/world-cancer-day-2021\/\">Le Partenariat c\u00e9l\u00e8bre la Journ\u00e9e mondiale contre le cancer<\/a><\/blockquote><iframe sandbox=\"allow-scripts\" security=\"restricted\" src=\"https:\/\/www.partnershipagainstcancer.ca\/fr\/news-events\/news\/article\/world-cancer-day-2021\/embed\/#?secret=ah1HdKQ9G6\" width=\"600\" height=\"338\" title=\"&laquo;&nbsp;Le Partenariat c\u00e9l\u00e8bre la Journ\u00e9e mondiale contre le cancer&nbsp;&raquo; &#8212; Canadian Partnership Against Cancer\" data-secret=\"ah1HdKQ9G6\" frameborder=\"0\" marginwidth=\"0\" marginheight=\"0\" scrolling=\"no\" class=\"wp-embedded-content\"><\/iframe><script type=\"text\/javascript\">\n\/* <![CDATA[ *\/\n\/*! This file is auto-generated *\/\n!function(d,l){\"use strict\";l.querySelector&&d.addEventListener&&\"undefined\"!=typeof URL&&(d.wp=d.wp||{},d.wp.receiveEmbedMessage||(d.wp.receiveEmbedMessage=function(e){var t=e.data;if((t||t.secret||t.message||t.value)&&!\/[^a-zA-Z0-9]\/.test(t.secret)){for(var s,r,n,a=l.querySelectorAll('iframe[data-secret=\"'+t.secret+'\"]'),o=l.querySelectorAll('blockquote[data-secret=\"'+t.secret+'\"]'),c=new RegExp(\"^https?:$\",\"i\"),i=0;i<o.length;i++)o[i].style.display=\"none\";for(i=0;i<a.length;i++)s=a[i],e.source===s.contentWindow&&(s.removeAttribute(\"style\"),\"height\"===t.message?(1e3<(r=parseInt(t.value,10))?r=1e3:~~r<200&&(r=200),s.height=r):\"link\"===t.message&&(r=new URL(s.getAttribute(\"src\")),n=new URL(t.value),c.test(n.protocol))&&n.host===r.host&&l.activeElement===s&&(d.top.location.href=t.value))}},d.addEventListener(\"message\",d.wp.receiveEmbedMessage,!1),l.addEventListener(\"DOMContentLoaded\",function(){for(var e,t,s=l.querySelectorAll(\"iframe.wp-embedded-content\"),r=0;r<s.length;r++)(t=(e=s[r]).getAttribute(\"data-secret\"))||(t=Math.random().toString(36).substring(2,12),e.src+=\"#?secret=\"+t,e.setAttribute(\"data-secret\",t)),e.contentWindow.postMessage({message:\"ready\",secret:t},\"*\")},!1)))}(window,document);\n\/\/# sourceURL=https:\/\/www.partnershipagainstcancer.ca\/wp-includes\/js\/wp-embed.min.js\n\/* ]]> *\/\n<\/script>\n","thumbnail_url":"https:\/\/www.partnershipagainstcancer.ca\/wp-content\/uploads\/2021\/02\/FR-WCD-1000-750.jpg","thumbnail_width":1000,"thumbnail_height":750,"description":"Aujourd\u2019hui, dans le cadre d\u2019\u00e9v\u00e9nements organis\u00e9s dans le monde entier, les patients atteints de cancer, les survivants, les aidants, les d\u00e9fenseurs de leurs int\u00e9r\u00eats, les cliniciens et d\u2019autres encore c\u00e9l\u00e8brent la Journ\u00e9e mondiale contre le cancer aux c\u00f4t\u00e9s du Partenariat canadien contre le cancer (le Partenariat) et de l\u2019Union internationale contre le cancer (UICC), en [&hellip;]"}

Le Partenariat célèbre la Journée mondiale contre le cancer - Canadian Partnership Against Cancer

<blockquote class="wp-embedded-content" data-secret="ah1HdKQ9G6"><a href="https://www.partnershipagainstcancer.ca/fr/news-events/news/article/world-cancer-day-2021/">Le Partenariat célèbre la Journée mondiale contre le cancer</a></blockquote><iframe sandbox="allow-scripts" security="restricted" src="https://www.partnershipagainstcancer.ca/fr/news-events/news/article/world-cancer-day-2021/embed/#?secret=ah1HdKQ9G6" width="600" height="338" title="&laquo;&nbsp;Le Partenariat célèbre la Journée mondiale contre le cancer&nbsp;&raquo; &#8212; Canadian Partnership Against Cancer" data-secret="ah1HdKQ9G6" frameborder="0" marginwidth="0" marginheight="0" scrolling="no" class="wp-embedded-content"></iframe><script type="text/javascript">
/* <![CDATA[ */
/*! This file is auto-generated */
!function(d,l){"use strict";l.querySelector&&d.addEventListener&&"undefined"!=typeof URL&&(d.wp=d.wp||{},d.wp.receiveEmbedMessage||(d.wp.receiveEmbedMessage=function(e){var t=e.data;if((t||t.secret||t.message||t.value)&&!/[^a-zA-Z0-9]/.test(t.secret)){for(var s,r,n,a=l.querySelectorAll('iframe[data-secret="'+t.secret+'"]'),o=l.querySelectorAll('blockquote[data-secret="'+t.secret+'"]'),c=new RegExp("^https?:$","i"),i=0;i<o.length;i++)o[i].style.display="none";for(i=0;i<a.length;i++)s=a[i],e.source===s.contentWindow&&(s.removeAttribute("style"),"height"===t.message?(1e3<(r=parseInt(t.value,10))?r=1e3:~~r<200&&(r=200),s.height=r):"link"===t.message&&(r=new URL(s.getAttribute("src")),n=new URL(t.value),c.test(n.protocol))&&n.host===r.host&&l.activeElement===s&&(d.top.location.href=t.value))}},d.addEventListener("message",d.wp.receiveEmbedMessage,!1),l.addEventListener("DOMContentLoaded",function(){for(var e,t,s=l.querySelectorAll("iframe.wp-embedded-content"),r=0;r<s.length;r++)(t=(e=s[r]).getAttribute("data-secret"))||(t=Math.random().toString(36).substring(2,12),e.src+="#?secret="+t,e.setAttribute("data-secret",t)),e.contentWindow.postMessage({message:"ready",secret:t},"*")},!1)))}(window,document);
//# sourceURL=https://www.partnershipagainstcancer.ca/wp-includes/js/wp-embed.min.js
/* ]]> */
</script>

Aujourd’hui, dans le cadre d’événements organisés dans le monde entier, les patients atteints de cancer, les survivants, les aidants, les défenseurs de leurs intérêts, les cliniciens et d’autres encore célèbrent la Journée mondiale contre le cancer aux côtés du Partenariat canadien contre le cancer (le Partenariat) et de l’Union internationale contre le cancer (UICC), en [&hellip;]
