{"version":"1.0","provider_name":"Canadian Partnership Against Cancer","provider_url":"https:\/\/www.partnershipagainstcancer.ca\/fr\/","author_name":"Catherine","author_url":"https:\/\/www.partnershipagainstcancer.ca\/fr\/author\/cjan\/","title":"Le Canada agit afin de r\u00e9pondre \u00e0 l\u2019appel de l\u2019OMS pour \u00e9liminer le cancer du col de l\u2019ut\u00e9rus - Canadian Partnership Against Cancer","type":"rich","width":600,"height":338,"html":"<blockquote class=\"wp-embedded-content\" data-secret=\"WcxN8HHOXU\"><a href=\"https:\/\/www.partnershipagainstcancer.ca\/fr\/news-events\/news\/article\/eliminate-cervical-cancer\/\">Le Canada agit afin de r\u00e9pondre \u00e0 l\u2019appel de l\u2019OMS pour \u00e9liminer le cancer du col de l\u2019ut\u00e9rus<\/a><\/blockquote><iframe sandbox=\"allow-scripts\" security=\"restricted\" src=\"https:\/\/www.partnershipagainstcancer.ca\/fr\/news-events\/news\/article\/eliminate-cervical-cancer\/embed\/#?secret=WcxN8HHOXU\" width=\"600\" height=\"338\" title=\"&laquo;&nbsp;Le Canada agit afin de r\u00e9pondre \u00e0 l\u2019appel de l\u2019OMS pour \u00e9liminer le cancer du col de l\u2019ut\u00e9rus&nbsp;&raquo; &#8212; Canadian Partnership Against Cancer\" data-secret=\"WcxN8HHOXU\" frameborder=\"0\" marginwidth=\"0\" marginheight=\"0\" scrolling=\"no\" class=\"wp-embedded-content\"><\/iframe><script type=\"text\/javascript\">\n\/* <![CDATA[ *\/\n\/*! This file is auto-generated *\/\n!function(d,l){\"use strict\";l.querySelector&&d.addEventListener&&\"undefined\"!=typeof URL&&(d.wp=d.wp||{},d.wp.receiveEmbedMessage||(d.wp.receiveEmbedMessage=function(e){var t=e.data;if((t||t.secret||t.message||t.value)&&!\/[^a-zA-Z0-9]\/.test(t.secret)){for(var s,r,n,a=l.querySelectorAll('iframe[data-secret=\"'+t.secret+'\"]'),o=l.querySelectorAll('blockquote[data-secret=\"'+t.secret+'\"]'),c=new RegExp(\"^https?:$\",\"i\"),i=0;i<o.length;i++)o[i].style.display=\"none\";for(i=0;i<a.length;i++)s=a[i],e.source===s.contentWindow&&(s.removeAttribute(\"style\"),\"height\"===t.message?(1e3<(r=parseInt(t.value,10))?r=1e3:~~r<200&&(r=200),s.height=r):\"link\"===t.message&&(r=new URL(s.getAttribute(\"src\")),n=new URL(t.value),c.test(n.protocol))&&n.host===r.host&&l.activeElement===s&&(d.top.location.href=t.value))}},d.addEventListener(\"message\",d.wp.receiveEmbedMessage,!1),l.addEventListener(\"DOMContentLoaded\",function(){for(var e,t,s=l.querySelectorAll(\"iframe.wp-embedded-content\"),r=0;r<s.length;r++)(t=(e=s[r]).getAttribute(\"data-secret\"))||(t=Math.random().toString(36).substring(2,12),e.src+=\"#?secret=\"+t,e.setAttribute(\"data-secret\",t)),e.contentWindow.postMessage({message:\"ready\",secret:t},\"*\")},!1)))}(window,document);\n\/\/# sourceURL=https:\/\/www.partnershipagainstcancer.ca\/wp-includes\/js\/wp-embed.min.js\n\/* ]]> *\/\n<\/script>\n","thumbnail_url":"https:\/\/www.partnershipagainstcancer.ca\/wp-content\/uploads\/2020\/02\/young-woman-700x400-1.jpg","thumbnail_width":700,"thumbnail_height":400,"description":"TORONTO (le 4 f\u00e9vrier 2020) \u2013 Aujourd\u2019hui a lieu la Journ\u00e9e mondiale contre le cancer et le Partenariat canadien contre le cancer (le Partenariat) appelle les partenaires des soins de sant\u00e9 et des communaut\u00e9s de tout le Canada \u00e0 unir leurs efforts pour en finir avec le cancer du col de l\u2019ut\u00e9rus au Canada d\u2019ici [&hellip;]"}

Le Canada agit afin de répondre à l’appel de l’OMS pour éliminer le cancer du col de l’utérus - Canadian Partnership Against Cancer

<blockquote class="wp-embedded-content" data-secret="WcxN8HHOXU"><a href="https://www.partnershipagainstcancer.ca/fr/news-events/news/article/eliminate-cervical-cancer/">Le Canada agit afin de répondre à l’appel de l’OMS pour éliminer le cancer du col de l’utérus</a></blockquote><iframe sandbox="allow-scripts" security="restricted" src="https://www.partnershipagainstcancer.ca/fr/news-events/news/article/eliminate-cervical-cancer/embed/#?secret=WcxN8HHOXU" width="600" height="338" title="&laquo;&nbsp;Le Canada agit afin de répondre à l’appel de l’OMS pour éliminer le cancer du col de l’utérus&nbsp;&raquo; &#8212; Canadian Partnership Against Cancer" data-secret="WcxN8HHOXU" frameborder="0" marginwidth="0" marginheight="0" scrolling="no" class="wp-embedded-content"></iframe><script type="text/javascript">
/* <![CDATA[ */
/*! This file is auto-generated */
!function(d,l){"use strict";l.querySelector&&d.addEventListener&&"undefined"!=typeof URL&&(d.wp=d.wp||{},d.wp.receiveEmbedMessage||(d.wp.receiveEmbedMessage=function(e){var t=e.data;if((t||t.secret||t.message||t.value)&&!/[^a-zA-Z0-9]/.test(t.secret)){for(var s,r,n,a=l.querySelectorAll('iframe[data-secret="'+t.secret+'"]'),o=l.querySelectorAll('blockquote[data-secret="'+t.secret+'"]'),c=new RegExp("^https?:$","i"),i=0;i<o.length;i++)o[i].style.display="none";for(i=0;i<a.length;i++)s=a[i],e.source===s.contentWindow&&(s.removeAttribute("style"),"height"===t.message?(1e3<(r=parseInt(t.value,10))?r=1e3:~~r<200&&(r=200),s.height=r):"link"===t.message&&(r=new URL(s.getAttribute("src")),n=new URL(t.value),c.test(n.protocol))&&n.host===r.host&&l.activeElement===s&&(d.top.location.href=t.value))}},d.addEventListener("message",d.wp.receiveEmbedMessage,!1),l.addEventListener("DOMContentLoaded",function(){for(var e,t,s=l.querySelectorAll("iframe.wp-embedded-content"),r=0;r<s.length;r++)(t=(e=s[r]).getAttribute("data-secret"))||(t=Math.random().toString(36).substring(2,12),e.src+="#?secret="+t,e.setAttribute("data-secret",t)),e.contentWindow.postMessage({message:"ready",secret:t},"*")},!1)))}(window,document);
//# sourceURL=https://www.partnershipagainstcancer.ca/wp-includes/js/wp-embed.min.js
/* ]]> */
</script>

TORONTO (le 4 février 2020) – Aujourd’hui a lieu la Journée mondiale contre le cancer et le Partenariat canadien contre le cancer (le Partenariat) appelle les partenaires des soins de santé et des communautés de tout le Canada à unir leurs efforts pour en finir avec le cancer du col de l’utérus au Canada d’ici [&hellip;]
